{"id":6150,"date":"2020-10-26T12:21:00","date_gmt":"2020-10-26T11:21:00","guid":{"rendered":"http:\/\/www.svkst.unist.hr\/?page_id=6150"},"modified":"2020-11-02T15:18:36","modified_gmt":"2020-11-02T14:18:36","slug":"rezervacija-skupni-rad","status":"publish","type":"page","link":"https:\/\/www.svkst.unist.hr\/index.php\/rezervacija-skupni-rad\/","title":{"rendered":"Rezervacija skupni rad"},"content":{"rendered":"\n<h4>Nekoliko pravila za siguran i ugodan boravak u knji\u017enici: <\/h4><ul>\n<p><li>najvi\u0161e se dvije osobe istodobno mogu koristiti prostorijom (nije potrebno rezervirati prostor ponaosob, ve\u0107 se pri rezervaciji upisuju podatci za obje osobe)<\/li><li>vrijeme boravka ograni\u010deno je na tri sata<\/li><li>iste osobe smiju rezervirati samo <strong>jedan<\/strong> termin dnevno (ako se ipak rezervira vi\u0161e termina dnevno, prihvatit \u0107e se samo prvi)<\/li><\/ul><\/p>\n\n\n\n\n<p>[webba_booking service=11]<\/p>\n\n\n\n<p><br><\/p>\n","protected":false},"excerpt":{"rendered":"<p>Nekoliko pravila za siguran i ugodan boravak u knji\u017enici: najvi\u0161e se dvije osobe istodobno mogu koristiti prostorijom (nije potrebno rezervirati prostor ponaosob, ve\u0107 se pri rezervaciji upisuju podatci za obje osobe) vrijeme boravka ograni\u010deno je na tri sata iste osobe smiju rezervirati samo jedan termin dnevno (ako se ipak rezervira vi\u0161e termina dnevno, prihvatit \u0107e [&hellip;]<\/p>\n","protected":false},"author":5,"featured_media":0,"parent":0,"menu_order":0,"comment_status":"closed","ping_status":"closed","template":"","meta":{"spay_email":""},"acf":[],"yoast_head":"<!-- This site is optimized with the Yoast SEO plugin v17.8 - https:\/\/yoast.com\/wordpress\/plugins\/seo\/ -->\n<title>Rezervacija skupni rad - Sveu\u010dili\u0161na knji\u017enica u Splitu<\/title>\n<meta name=\"description\" content=\"Nekoliko pravila za siguran i ugodan boravak u knji\u017enici: najvi\u0161e se dvije osobe istodobno mogu koristiti prostorijom (nije potrebno rezervirati prostor\" \/>\n<meta name=\"robots\" content=\"index, follow, max-snippet:-1, max-image-preview:large, max-video-preview:-1\" \/>\n<link rel=\"canonical\" href=\"https:\/\/www.svkst.unist.hr\/index.php\/rezervacija-skupni-rad\/\" \/>\n<meta property=\"og:locale\" content=\"en_GB\" \/>\n<meta property=\"og:type\" content=\"article\" \/>\n<meta property=\"og:title\" content=\"Rezervacija skupni rad - Sveu\u010dili\u0161na knji\u017enica u Splitu\" \/>\n<meta property=\"og:description\" content=\"Nekoliko pravila za siguran i ugodan boravak u knji\u017enici: najvi\u0161e se dvije osobe istodobno mogu koristiti prostorijom (nije potrebno rezervirati prostor\" \/>\n<meta property=\"og:url\" content=\"https:\/\/www.svkst.unist.hr\/index.php\/rezervacija-skupni-rad\/\" \/>\n<meta property=\"og:site_name\" content=\"Sveu\u010dili\u0161na knji\u017enica u Splitu\" \/>\n<meta property=\"article:publisher\" content=\"https:\/\/www.facebook.com\/svkst.unist.hr\/\" \/>\n<meta property=\"article:modified_time\" content=\"2020-11-02T14:18:36+00:00\" \/>\n<meta name=\"twitter:card\" content=\"summary_large_image\" \/>\n<script type=\"application\/ld+json\" class=\"yoast-schema-graph\">{\"@context\":\"https:\/\/schema.org\",\"@graph\":[{\"@type\":\"Organization\",\"@id\":\"https:\/\/www.svkst.unist.hr\/#organization\",\"name\":\"Sveu\\u010dili\\u0161na knji\\u017enica u Splitu\",\"url\":\"https:\/\/www.svkst.unist.hr\/\",\"sameAs\":[\"https:\/\/www.facebook.com\/svkst.unist.hr\/\"],\"logo\":{\"@type\":\"ImageObject\",\"@id\":\"https:\/\/www.svkst.unist.hr\/#logo\",\"inLanguage\":\"en-GB\",\"url\":\"https:\/\/i2.wp.com\/www.svkst.unist.hr\/wp-content\/uploads\/2018\/02\/sveucilisna_iskaznica_logo_tisak-1.png?fit=600%2C219&ssl=1\",\"contentUrl\":\"https:\/\/i2.wp.com\/www.svkst.unist.hr\/wp-content\/uploads\/2018\/02\/sveucilisna_iskaznica_logo_tisak-1.png?fit=600%2C219&ssl=1\",\"width\":600,\"height\":219,\"caption\":\"Sveu\\u010dili\\u0161na knji\\u017enica u Splitu\"},\"image\":{\"@id\":\"https:\/\/www.svkst.unist.hr\/#logo\"}},{\"@type\":\"WebSite\",\"@id\":\"https:\/\/www.svkst.unist.hr\/#website\",\"url\":\"https:\/\/www.svkst.unist.hr\/\",\"name\":\"Sveu\\u010dili\\u0161na knji\\u017enica u Splitu\",\"description\":\"\",\"publisher\":{\"@id\":\"https:\/\/www.svkst.unist.hr\/#organization\"},\"potentialAction\":[{\"@type\":\"SearchAction\",\"target\":{\"@type\":\"EntryPoint\",\"urlTemplate\":\"https:\/\/www.svkst.unist.hr\/?s={search_term_string}\"},\"query-input\":\"required name=search_term_string\"}],\"inLanguage\":\"en-GB\"},{\"@type\":\"WebPage\",\"@id\":\"https:\/\/www.svkst.unist.hr\/index.php\/rezervacija-skupni-rad\/#webpage\",\"url\":\"https:\/\/www.svkst.unist.hr\/index.php\/rezervacija-skupni-rad\/\",\"name\":\"Rezervacija skupni rad - Sveu\\u010dili\\u0161na knji\\u017enica u Splitu\",\"isPartOf\":{\"@id\":\"https:\/\/www.svkst.unist.hr\/#website\"},\"datePublished\":\"2020-10-26T11:21:00+00:00\",\"dateModified\":\"2020-11-02T14:18:36+00:00\",\"description\":\"Nekoliko pravila za siguran i ugodan boravak u knji\\u017enici: najvi\\u0161e se dvije osobe istodobno mogu koristiti prostorijom (nije potrebno rezervirati prostor\",\"breadcrumb\":{\"@id\":\"https:\/\/www.svkst.unist.hr\/index.php\/rezervacija-skupni-rad\/#breadcrumb\"},\"inLanguage\":\"en-GB\",\"potentialAction\":[{\"@type\":\"ReadAction\",\"target\":[\"https:\/\/www.svkst.unist.hr\/index.php\/rezervacija-skupni-rad\/\"]}]},{\"@type\":\"BreadcrumbList\",\"@id\":\"https:\/\/www.svkst.unist.hr\/index.php\/rezervacija-skupni-rad\/#breadcrumb\",\"itemListElement\":[{\"@type\":\"ListItem\",\"position\":1,\"name\":\"Home\",\"item\":\"https:\/\/www.svkst.unist.hr\/\"},{\"@type\":\"ListItem\",\"position\":2,\"name\":\"Rezervacija skupni rad\"}]}]}<\/script>\n<!-- \/ Yoast SEO plugin. -->","yoast_head_json":{"title":"Rezervacija skupni rad - Sveu\u010dili\u0161na knji\u017enica u Splitu","description":"Nekoliko pravila za siguran i ugodan boravak u knji\u017enici: najvi\u0161e se dvije osobe istodobno mogu koristiti prostorijom (nije potrebno rezervirati prostor","robots":{"index":"index","follow":"follow","max-snippet":"max-snippet:-1","max-image-preview":"max-image-preview:large","max-video-preview":"max-video-preview:-1"},"canonical":"https:\/\/www.svkst.unist.hr\/index.php\/rezervacija-skupni-rad\/","og_locale":"en_GB","og_type":"article","og_title":"Rezervacija skupni rad - Sveu\u010dili\u0161na knji\u017enica u Splitu","og_description":"Nekoliko pravila za siguran i ugodan boravak u knji\u017enici: najvi\u0161e se dvije osobe istodobno mogu koristiti prostorijom (nije potrebno rezervirati prostor","og_url":"https:\/\/www.svkst.unist.hr\/index.php\/rezervacija-skupni-rad\/","og_site_name":"Sveu\u010dili\u0161na knji\u017enica u Splitu","article_publisher":"https:\/\/www.facebook.com\/svkst.unist.hr\/","article_modified_time":"2020-11-02T14:18:36+00:00","twitter_card":"summary_large_image","schema":{"@context":"https:\/\/schema.org","@graph":[{"@type":"Organization","@id":"https:\/\/www.svkst.unist.hr\/#organization","name":"Sveu\u010dili\u0161na knji\u017enica u Splitu","url":"https:\/\/www.svkst.unist.hr\/","sameAs":["https:\/\/www.facebook.com\/svkst.unist.hr\/"],"logo":{"@type":"ImageObject","@id":"https:\/\/www.svkst.unist.hr\/#logo","inLanguage":"en-GB","url":"https:\/\/i2.wp.com\/www.svkst.unist.hr\/wp-content\/uploads\/2018\/02\/sveucilisna_iskaznica_logo_tisak-1.png?fit=600%2C219&ssl=1","contentUrl":"https:\/\/i2.wp.com\/www.svkst.unist.hr\/wp-content\/uploads\/2018\/02\/sveucilisna_iskaznica_logo_tisak-1.png?fit=600%2C219&ssl=1","width":600,"height":219,"caption":"Sveu\u010dili\u0161na knji\u017enica u Splitu"},"image":{"@id":"https:\/\/www.svkst.unist.hr\/#logo"}},{"@type":"WebSite","@id":"https:\/\/www.svkst.unist.hr\/#website","url":"https:\/\/www.svkst.unist.hr\/","name":"Sveu\u010dili\u0161na knji\u017enica u Splitu","description":"","publisher":{"@id":"https:\/\/www.svkst.unist.hr\/#organization"},"potentialAction":[{"@type":"SearchAction","target":{"@type":"EntryPoint","urlTemplate":"https:\/\/www.svkst.unist.hr\/?s={search_term_string}"},"query-input":"required name=search_term_string"}],"inLanguage":"en-GB"},{"@type":"WebPage","@id":"https:\/\/www.svkst.unist.hr\/index.php\/rezervacija-skupni-rad\/#webpage","url":"https:\/\/www.svkst.unist.hr\/index.php\/rezervacija-skupni-rad\/","name":"Rezervacija skupni rad - Sveu\u010dili\u0161na knji\u017enica u Splitu","isPartOf":{"@id":"https:\/\/www.svkst.unist.hr\/#website"},"datePublished":"2020-10-26T11:21:00+00:00","dateModified":"2020-11-02T14:18:36+00:00","description":"Nekoliko pravila za siguran i ugodan boravak u knji\u017enici: najvi\u0161e se dvije osobe istodobno mogu koristiti prostorijom (nije potrebno rezervirati prostor","breadcrumb":{"@id":"https:\/\/www.svkst.unist.hr\/index.php\/rezervacija-skupni-rad\/#breadcrumb"},"inLanguage":"en-GB","potentialAction":[{"@type":"ReadAction","target":["https:\/\/www.svkst.unist.hr\/index.php\/rezervacija-skupni-rad\/"]}]},{"@type":"BreadcrumbList","@id":"https:\/\/www.svkst.unist.hr\/index.php\/rezervacija-skupni-rad\/#breadcrumb","itemListElement":[{"@type":"ListItem","position":1,"name":"Home","item":"https:\/\/www.svkst.unist.hr\/"},{"@type":"ListItem","position":2,"name":"Rezervacija skupni rad"}]}]}},"jetpack_shortlink":"https:\/\/wp.me\/Pan9Re-1Bc","_links":{"self":[{"href":"https:\/\/www.svkst.unist.hr\/index.php\/wp-json\/wp\/v2\/pages\/6150"}],"collection":[{"href":"https:\/\/www.svkst.unist.hr\/index.php\/wp-json\/wp\/v2\/pages"}],"about":[{"href":"https:\/\/www.svkst.unist.hr\/index.php\/wp-json\/wp\/v2\/types\/page"}],"author":[{"embeddable":true,"href":"https:\/\/www.svkst.unist.hr\/index.php\/wp-json\/wp\/v2\/users\/5"}],"replies":[{"embeddable":true,"href":"https:\/\/www.svkst.unist.hr\/index.php\/wp-json\/wp\/v2\/comments?post=6150"}],"version-history":[{"count":4,"href":"https:\/\/www.svkst.unist.hr\/index.php\/wp-json\/wp\/v2\/pages\/6150\/revisions"}],"predecessor-version":[{"id":6251,"href":"https:\/\/www.svkst.unist.hr\/index.php\/wp-json\/wp\/v2\/pages\/6150\/revisions\/6251"}],"wp:attachment":[{"href":"https:\/\/www.svkst.unist.hr\/index.php\/wp-json\/wp\/v2\/media?parent=6150"}],"curies":[{"name":"wp","href":"https:\/\/api.w.org\/{rel}","templated":true}]}}