{"id":271,"date":"2018-01-25T12:45:58","date_gmt":"2018-01-25T11:45:58","guid":{"rendered":"http:\/\/www.svkst.unist.hr\/?page_id=271"},"modified":"2026-03-09T08:42:21","modified_gmt":"2026-03-09T07:42:21","slug":"upisi","status":"publish","type":"page","link":"https:\/\/www.svkst.unist.hr\/index.php\/usluge\/upisi\/","title":{"rendered":"Upisi"},"content":{"rendered":"\n<h3><a class=\"show_hide\" href=\"#a\">Tko se mo\u017ee u\u010dlaniti u knji\u017enicu?<\/a><\/h3>\n\n\n\n<div class=\"slidingDiv\">\n<p style=\"text-align: justify;\">Korisnici Sveu\u010dili\u0161ne knji\u017enice mogu biti svi gra\u0111ani s navr\u0161enih 16 godina, a u\u010dlanjuju se na informacijskom pultu na ulaznoj eta\u017ei.<\/p>\n<h4>Vrste \u010dlanstva<\/h4>\n<ul>\n<li>Individualno (za pojedince): dnevno, tjedno, mjese\u010dno ili godi\u0161nje<\/li>\n<li>Kolektivno (za ustanove)<\/li><\/ul>\n<p>Besplatno \u010dlanstvo ostvaruju:<\/p>\n<ul>\n<li>studenti Sveu\u010dili\u0161ta u Splitu, no po\u010detkom svake akademske godine trebaju aktivirati x-icu na informacijskom pultu<\/li>\n<li>osobe s invaliditetom<\/li>\n<li>\u010dlanovi Dru\u0161tva knji\u017eni\u010dara u Splitu<\/li>\n<li>po\u010dasni \u010dlanovi<\/li> <\/ul>\n<p>Posjetiteljima koji trebaju samo jednokratnu uslugu umno\u017eavanja ili pristup internetu izdaje se <a href=\"https:\/\/www.svkst.unist.hr\/wp-content\/uploads\/2018\/03\/Web-stranice-Dnevna-iskaznica-1.pdf\">dnevna iskaznica<\/a>.<\/p>\n<\/div>\n\n\n\n<h3><a class=\"show_hide\" href=\"#a\">\u0160to je potrebno za upis?<\/a><\/h3>\n\n\n\n<div class=\"slidingDiv\">\n<ul>\n<li>Za upis je potrebna osobna iskaznica i OIB, odnosno putovnica za strane dr\u017eavljane.<\/li>\n<li>Upisom u Knji\u017enicu korisnici prihva\u0107aju <a href=\"https:\/\/www.svkst.unist.hr\/wp-content\/uploads\/2018\/03\/Pravilnik.pdf\">Pravilnik o uvjetima o uvjetima i na\u010dinu kori\u0161tenja gra\u0111e i usluga<\/a> i <a href=\"https:\/\/www.svkst.unist.hr\/wp-content\/uploads\/2018\/07\/kucna_pravila.pdf\">Knji\u017eni\u010dni ku\u0107ni red<\/a>.<\/li>\n<li>\u010clanarina se napla\u0107uje prema <a href=\"https:\/\/www.svkst.unist.hr\/wp-content\/uploads\/2026\/03\/CJENIK-KNJIZNICNIH-USLUGA-2025-azurirano-2.pdf\">cjeniku usluga<\/a> na informacijskom pultu u knji\u017enici.<\/li>\n<\/ul>\n<p>Dodatne informacije na telefon <strong>+ 385 (0) 21 434 808<\/strong> ili e-po\u0161tom na: <strong>info@svkst.hr<\/strong><\/p>\n<\/div>\n\n\n\n<p><\/p>\n","protected":false},"excerpt":{"rendered":"<p>Tko se mo\u017ee u\u010dlaniti u knji\u017enicu? Korisnici Sveu\u010dili\u0161ne knji\u017enice mogu biti svi gra\u0111ani s navr\u0161enih 16 godina, a u\u010dlanjuju se na informacijskom pultu na ulaznoj eta\u017ei. Vrste \u010dlanstva Individualno (za pojedince): dnevno, tjedno, mjese\u010dno ili godi\u0161nje Kolektivno (za ustanove) Besplatno \u010dlanstvo ostvaruju: studenti Sveu\u010dili\u0161ta u Splitu, no po\u010detkom svake akademske godine trebaju aktivirati x-icu na [&hellip;]<\/p>\n","protected":false},"author":4,"featured_media":0,"parent":269,"menu_order":1,"comment_status":"closed","ping_status":"closed","template":"","meta":{"spay_email":""},"acf":[],"yoast_head":"<!-- This site is optimized with the Yoast SEO plugin v17.8 - https:\/\/yoast.com\/wordpress\/plugins\/seo\/ -->\n<title>Upisi - Sveu\u010dili\u0161na knji\u017enica u Splitu<\/title>\n<meta name=\"description\" content=\"Tko se mo\u017ee u\u010dlaniti u knji\u017enicu? Korisnici Sveu\u010dili\u0161ne knji\u017enice mogu biti svi gra\u0111ani s navr\u0161enih 16 godina, a u\u010dlanjuju se na informacijskom pultu na\" \/>\n<meta name=\"robots\" content=\"index, follow, max-snippet:-1, max-image-preview:large, max-video-preview:-1\" \/>\n<link rel=\"canonical\" href=\"https:\/\/www.svkst.unist.hr\/index.php\/usluge\/upisi\/\" \/>\n<meta property=\"og:locale\" content=\"en_GB\" \/>\n<meta property=\"og:type\" content=\"article\" \/>\n<meta property=\"og:title\" content=\"Upisi - Sveu\u010dili\u0161na knji\u017enica u Splitu\" \/>\n<meta property=\"og:description\" content=\"Tko se mo\u017ee u\u010dlaniti u knji\u017enicu? Korisnici Sveu\u010dili\u0161ne knji\u017enice mogu biti svi gra\u0111ani s navr\u0161enih 16 godina, a u\u010dlanjuju se na informacijskom pultu na\" \/>\n<meta property=\"og:url\" content=\"https:\/\/www.svkst.unist.hr\/index.php\/usluge\/upisi\/\" \/>\n<meta property=\"og:site_name\" content=\"Sveu\u010dili\u0161na knji\u017enica u Splitu\" \/>\n<meta property=\"article:publisher\" content=\"https:\/\/www.facebook.com\/svkst.unist.hr\/\" \/>\n<meta property=\"article:modified_time\" content=\"2026-03-09T07:42:21+00:00\" \/>\n<meta name=\"twitter:card\" content=\"summary_large_image\" \/>\n<meta name=\"twitter:label1\" content=\"Estimated reading time\" \/>\n\t<meta name=\"twitter:data1\" content=\"1 minute\" \/>\n<script type=\"application\/ld+json\" class=\"yoast-schema-graph\">{\"@context\":\"https:\/\/schema.org\",\"@graph\":[{\"@type\":\"Organization\",\"@id\":\"https:\/\/www.svkst.unist.hr\/#organization\",\"name\":\"Sveu\\u010dili\\u0161na knji\\u017enica u Splitu\",\"url\":\"https:\/\/www.svkst.unist.hr\/\",\"sameAs\":[\"https:\/\/www.facebook.com\/svkst.unist.hr\/\"],\"logo\":{\"@type\":\"ImageObject\",\"@id\":\"https:\/\/www.svkst.unist.hr\/#logo\",\"inLanguage\":\"en-GB\",\"url\":\"https:\/\/i2.wp.com\/www.svkst.unist.hr\/wp-content\/uploads\/2018\/02\/sveucilisna_iskaznica_logo_tisak-1.png?fit=600%2C219&ssl=1\",\"contentUrl\":\"https:\/\/i2.wp.com\/www.svkst.unist.hr\/wp-content\/uploads\/2018\/02\/sveucilisna_iskaznica_logo_tisak-1.png?fit=600%2C219&ssl=1\",\"width\":600,\"height\":219,\"caption\":\"Sveu\\u010dili\\u0161na knji\\u017enica u Splitu\"},\"image\":{\"@id\":\"https:\/\/www.svkst.unist.hr\/#logo\"}},{\"@type\":\"WebSite\",\"@id\":\"https:\/\/www.svkst.unist.hr\/#website\",\"url\":\"https:\/\/www.svkst.unist.hr\/\",\"name\":\"Sveu\\u010dili\\u0161na knji\\u017enica u Splitu\",\"description\":\"\",\"publisher\":{\"@id\":\"https:\/\/www.svkst.unist.hr\/#organization\"},\"potentialAction\":[{\"@type\":\"SearchAction\",\"target\":{\"@type\":\"EntryPoint\",\"urlTemplate\":\"https:\/\/www.svkst.unist.hr\/?s={search_term_string}\"},\"query-input\":\"required name=search_term_string\"}],\"inLanguage\":\"en-GB\"},{\"@type\":\"WebPage\",\"@id\":\"https:\/\/www.svkst.unist.hr\/index.php\/usluge\/upisi\/#webpage\",\"url\":\"https:\/\/www.svkst.unist.hr\/index.php\/usluge\/upisi\/\",\"name\":\"Upisi - Sveu\\u010dili\\u0161na knji\\u017enica u Splitu\",\"isPartOf\":{\"@id\":\"https:\/\/www.svkst.unist.hr\/#website\"},\"datePublished\":\"2018-01-25T11:45:58+00:00\",\"dateModified\":\"2026-03-09T07:42:21+00:00\",\"description\":\"Tko se mo\\u017ee u\\u010dlaniti u knji\\u017enicu? Korisnici Sveu\\u010dili\\u0161ne knji\\u017enice mogu biti svi gra\\u0111ani s navr\\u0161enih 16 godina, a u\\u010dlanjuju se na informacijskom pultu na\",\"breadcrumb\":{\"@id\":\"https:\/\/www.svkst.unist.hr\/index.php\/usluge\/upisi\/#breadcrumb\"},\"inLanguage\":\"en-GB\",\"potentialAction\":[{\"@type\":\"ReadAction\",\"target\":[\"https:\/\/www.svkst.unist.hr\/index.php\/usluge\/upisi\/\"]}]},{\"@type\":\"BreadcrumbList\",\"@id\":\"https:\/\/www.svkst.unist.hr\/index.php\/usluge\/upisi\/#breadcrumb\",\"itemListElement\":[{\"@type\":\"ListItem\",\"position\":1,\"name\":\"Home\",\"item\":\"https:\/\/www.svkst.unist.hr\/\"},{\"@type\":\"ListItem\",\"position\":2,\"name\":\"USLUGE\",\"item\":\"https:\/\/www.svkst.unist.hr\/index.php\/usluge\/\"},{\"@type\":\"ListItem\",\"position\":3,\"name\":\"Upisi\"}]}]}<\/script>\n<!-- \/ Yoast SEO plugin. -->","yoast_head_json":{"title":"Upisi - Sveu\u010dili\u0161na knji\u017enica u Splitu","description":"Tko se mo\u017ee u\u010dlaniti u knji\u017enicu? Korisnici Sveu\u010dili\u0161ne knji\u017enice mogu biti svi gra\u0111ani s navr\u0161enih 16 godina, a u\u010dlanjuju se na informacijskom pultu na","robots":{"index":"index","follow":"follow","max-snippet":"max-snippet:-1","max-image-preview":"max-image-preview:large","max-video-preview":"max-video-preview:-1"},"canonical":"https:\/\/www.svkst.unist.hr\/index.php\/usluge\/upisi\/","og_locale":"en_GB","og_type":"article","og_title":"Upisi - Sveu\u010dili\u0161na knji\u017enica u Splitu","og_description":"Tko se mo\u017ee u\u010dlaniti u knji\u017enicu? Korisnici Sveu\u010dili\u0161ne knji\u017enice mogu biti svi gra\u0111ani s navr\u0161enih 16 godina, a u\u010dlanjuju se na informacijskom pultu na","og_url":"https:\/\/www.svkst.unist.hr\/index.php\/usluge\/upisi\/","og_site_name":"Sveu\u010dili\u0161na knji\u017enica u Splitu","article_publisher":"https:\/\/www.facebook.com\/svkst.unist.hr\/","article_modified_time":"2026-03-09T07:42:21+00:00","twitter_card":"summary_large_image","twitter_misc":{"Estimated reading time":"1 minute"},"schema":{"@context":"https:\/\/schema.org","@graph":[{"@type":"Organization","@id":"https:\/\/www.svkst.unist.hr\/#organization","name":"Sveu\u010dili\u0161na knji\u017enica u Splitu","url":"https:\/\/www.svkst.unist.hr\/","sameAs":["https:\/\/www.facebook.com\/svkst.unist.hr\/"],"logo":{"@type":"ImageObject","@id":"https:\/\/www.svkst.unist.hr\/#logo","inLanguage":"en-GB","url":"https:\/\/i2.wp.com\/www.svkst.unist.hr\/wp-content\/uploads\/2018\/02\/sveucilisna_iskaznica_logo_tisak-1.png?fit=600%2C219&ssl=1","contentUrl":"https:\/\/i2.wp.com\/www.svkst.unist.hr\/wp-content\/uploads\/2018\/02\/sveucilisna_iskaznica_logo_tisak-1.png?fit=600%2C219&ssl=1","width":600,"height":219,"caption":"Sveu\u010dili\u0161na knji\u017enica u Splitu"},"image":{"@id":"https:\/\/www.svkst.unist.hr\/#logo"}},{"@type":"WebSite","@id":"https:\/\/www.svkst.unist.hr\/#website","url":"https:\/\/www.svkst.unist.hr\/","name":"Sveu\u010dili\u0161na knji\u017enica u Splitu","description":"","publisher":{"@id":"https:\/\/www.svkst.unist.hr\/#organization"},"potentialAction":[{"@type":"SearchAction","target":{"@type":"EntryPoint","urlTemplate":"https:\/\/www.svkst.unist.hr\/?s={search_term_string}"},"query-input":"required name=search_term_string"}],"inLanguage":"en-GB"},{"@type":"WebPage","@id":"https:\/\/www.svkst.unist.hr\/index.php\/usluge\/upisi\/#webpage","url":"https:\/\/www.svkst.unist.hr\/index.php\/usluge\/upisi\/","name":"Upisi - Sveu\u010dili\u0161na knji\u017enica u Splitu","isPartOf":{"@id":"https:\/\/www.svkst.unist.hr\/#website"},"datePublished":"2018-01-25T11:45:58+00:00","dateModified":"2026-03-09T07:42:21+00:00","description":"Tko se mo\u017ee u\u010dlaniti u knji\u017enicu? Korisnici Sveu\u010dili\u0161ne knji\u017enice mogu biti svi gra\u0111ani s navr\u0161enih 16 godina, a u\u010dlanjuju se na informacijskom pultu na","breadcrumb":{"@id":"https:\/\/www.svkst.unist.hr\/index.php\/usluge\/upisi\/#breadcrumb"},"inLanguage":"en-GB","potentialAction":[{"@type":"ReadAction","target":["https:\/\/www.svkst.unist.hr\/index.php\/usluge\/upisi\/"]}]},{"@type":"BreadcrumbList","@id":"https:\/\/www.svkst.unist.hr\/index.php\/usluge\/upisi\/#breadcrumb","itemListElement":[{"@type":"ListItem","position":1,"name":"Home","item":"https:\/\/www.svkst.unist.hr\/"},{"@type":"ListItem","position":2,"name":"USLUGE","item":"https:\/\/www.svkst.unist.hr\/index.php\/usluge\/"},{"@type":"ListItem","position":3,"name":"Upisi"}]}]}},"jetpack_shortlink":"https:\/\/wp.me\/Pan9Re-4n","_links":{"self":[{"href":"https:\/\/www.svkst.unist.hr\/index.php\/wp-json\/wp\/v2\/pages\/271"}],"collection":[{"href":"https:\/\/www.svkst.unist.hr\/index.php\/wp-json\/wp\/v2\/pages"}],"about":[{"href":"https:\/\/www.svkst.unist.hr\/index.php\/wp-json\/wp\/v2\/types\/page"}],"author":[{"embeddable":true,"href":"https:\/\/www.svkst.unist.hr\/index.php\/wp-json\/wp\/v2\/users\/4"}],"replies":[{"embeddable":true,"href":"https:\/\/www.svkst.unist.hr\/index.php\/wp-json\/wp\/v2\/comments?post=271"}],"version-history":[{"count":69,"href":"https:\/\/www.svkst.unist.hr\/index.php\/wp-json\/wp\/v2\/pages\/271\/revisions"}],"predecessor-version":[{"id":45624,"href":"https:\/\/www.svkst.unist.hr\/index.php\/wp-json\/wp\/v2\/pages\/271\/revisions\/45624"}],"up":[{"embeddable":true,"href":"https:\/\/www.svkst.unist.hr\/index.php\/wp-json\/wp\/v2\/pages\/269"}],"wp:attachment":[{"href":"https:\/\/www.svkst.unist.hr\/index.php\/wp-json\/wp\/v2\/media?parent=271"}],"curies":[{"name":"wp","href":"https:\/\/api.w.org\/{rel}","templated":true}]}}