{"id":246,"date":"2018-01-25T12:36:49","date_gmt":"2018-01-25T11:36:49","guid":{"rendered":"http:\/\/www.svkst.unist.hr\/?page_id=246"},"modified":"2021-04-26T13:23:49","modified_gmt":"2021-04-26T11:23:49","slug":"o-knjiznici","status":"publish","type":"page","link":"https:\/\/www.svkst.unist.hr\/index.php\/o-knjiznici\/","title":{"rendered":"O KNJI\u017dNICI"},"content":{"rendered":"<p><a href=\"https:\/\/www.svkst.unist.hr\/wp-content\/uploads\/2018\/03\/web-1-_-kopija.jpg\"><img data-attachment-id=\"930\" data-permalink=\"https:\/\/www.svkst.unist.hr\/index.php\/o-knjiznici\/attachment\/web-1-_-kopija\/\" data-orig-file=\"https:\/\/www.svkst.unist.hr\/wp-content\/uploads\/2018\/03\/web-1-_-kopija.jpg\" data-orig-size=\"1650,470\" data-comments-opened=\"1\" data-image-meta=\"{&quot;aperture&quot;:&quot;0&quot;,&quot;credit&quot;:&quot;&quot;,&quot;camera&quot;:&quot;&quot;,&quot;caption&quot;:&quot;&quot;,&quot;created_timestamp&quot;:&quot;0&quot;,&quot;copyright&quot;:&quot;&quot;,&quot;focal_length&quot;:&quot;0&quot;,&quot;iso&quot;:&quot;0&quot;,&quot;shutter_speed&quot;:&quot;0&quot;,&quot;title&quot;:&quot;&quot;,&quot;orientation&quot;:&quot;0&quot;}\" data-image-title=\"web-1-_-kopija\" data-image-description=\"\" data-image-caption=\"\" data-medium-file=\"https:\/\/www.svkst.unist.hr\/wp-content\/uploads\/2018\/03\/web-1-_-kopija-300x85.jpg\" data-large-file=\"https:\/\/www.svkst.unist.hr\/wp-content\/uploads\/2018\/03\/web-1-_-kopija-1024x292.jpg\" loading=\"lazy\" class=\"alignnone size-full wp-image-930\" src=\"https:\/\/www.svkst.unist.hr\/wp-content\/uploads\/2018\/03\/web-1-_-kopija.jpg\" alt=\"\" width=\"1131\" height=\"267\"><\/a><\/p>\n<table style=\"background-color: #e4e8ea;\" width=\"100%\">\n<tbody>\n<tr>\n<td width=\"50%\">\n<h3><a href=\"https:\/\/www.svkst.unist.hr\/index.php\/o-knjiznici\/misija-vizija-i-strategija\/\"><span style=\"color: #3a3a3a;\">Misija, vizija i strategija<\/span><\/a><\/h3>\n<\/td>\n<\/tr>\n<\/tbody>\n<\/table>\n<table style=\"background-color: #e4e8ea;\" width=\"100%\">\n<tbody>\n<tr>\n<td width=\"50%\">\n<h3><a href=\"https:\/\/www.svkst.unist.hr\/index.php\/o-knjiznici\/povijest\/\"><span style=\"color: #3a3a3a;\">Povijest knji\u017enice<\/span><\/a><\/h3>\n<\/td>\n<\/tr>\n<\/tbody>\n<\/table>\n<table style=\"background-color: #e4e8ea;\" width=\"100%\">\n<tbody>\n<tr>\n<td width=\"50%\">\n<h3><a href=\"https:\/\/www.svkst.unist.hr\/index.php\/o-knjiznici\/izdanja-sveucilisne-knjiznice-u-splitu\/\"><span style=\"color: #3a3a3a;\">Izdava\u0161tvo<\/span><\/a><\/h3>\n<\/td>\n<\/tr>\n<\/tbody>\n<\/table>\n<table style=\"background-color: #e4e8ea;\" width=\"100%\">\n<tbody>\n<tr>\n<td width=\"50%\">\n<h3><a href=\"https:\/\/www.svkst.unist.hr\/index.php\/o-knjiznici\/sluzbeni-dokumenti\/\"><span style=\"color: #3a3a3a;\">Dokumenti<\/span><\/a><\/h3>\n<\/td>\n<\/tr>\n<\/tbody>\n<\/table>\n<table style=\"background-color: #e4e8ea;\" width=\"100%\">\n<tbody>\n<tr>\n<td width=\"50%\">\n<h3><a href=\"https:\/\/www.svkst.unist.hr\/index.php\/o-knjiznici\/Djelatnici\/\"><span style=\"color: #3a3a3a;\">Kontakt<\/span><\/a><\/h3>\n<\/td>\n<\/tr>\n<\/tbody>\n<\/table>\n","protected":false},"excerpt":{"rendered":"<p>Misija, vizija i strategija Povijest knji\u017enice Izdava\u0161tvo Dokumenti Kontakt<\/p>\n","protected":false},"author":4,"featured_media":0,"parent":0,"menu_order":0,"comment_status":"closed","ping_status":"closed","template":"","meta":{"spay_email":""},"acf":[],"yoast_head":"<!-- This site is optimized with the Yoast SEO plugin v17.8 - https:\/\/yoast.com\/wordpress\/plugins\/seo\/ -->\n<title>O KNJI\u017dNICI - Sveu\u010dili\u0161na knji\u017enica u Splitu<\/title>\n<meta name=\"description\" content=\"Misija, vizija i strategija     Povijest knji\u017enice     Izdava\u0161tvo     Dokumenti     Kontakt\" \/>\n<meta name=\"robots\" content=\"index, follow, max-snippet:-1, max-image-preview:large, max-video-preview:-1\" \/>\n<link rel=\"canonical\" href=\"https:\/\/www.svkst.unist.hr\/index.php\/o-knjiznici\/\" \/>\n<meta property=\"og:locale\" content=\"en_GB\" \/>\n<meta property=\"og:type\" content=\"article\" \/>\n<meta property=\"og:title\" content=\"O KNJI\u017dNICI - Sveu\u010dili\u0161na knji\u017enica u Splitu\" \/>\n<meta property=\"og:description\" content=\"Misija, vizija i strategija     Povijest knji\u017enice     Izdava\u0161tvo     Dokumenti     Kontakt\" \/>\n<meta property=\"og:url\" content=\"https:\/\/www.svkst.unist.hr\/index.php\/o-knjiznici\/\" \/>\n<meta property=\"og:site_name\" content=\"Sveu\u010dili\u0161na knji\u017enica u Splitu\" \/>\n<meta property=\"article:publisher\" content=\"https:\/\/www.facebook.com\/svkst.unist.hr\/\" \/>\n<meta property=\"article:modified_time\" content=\"2021-04-26T11:23:49+00:00\" \/>\n<meta property=\"og:image\" content=\"http:\/\/www.svkst.unist.hr\/wp-content\/uploads\/2018\/03\/web-1-_-kopija.jpg\" \/>\n<meta name=\"twitter:card\" content=\"summary_large_image\" \/>\n<meta name=\"twitter:label1\" content=\"Estimated reading time\" \/>\n\t<meta name=\"twitter:data1\" content=\"1 minute\" \/>\n<script type=\"application\/ld+json\" class=\"yoast-schema-graph\">{\"@context\":\"https:\/\/schema.org\",\"@graph\":[{\"@type\":\"Organization\",\"@id\":\"https:\/\/www.svkst.unist.hr\/#organization\",\"name\":\"Sveu\\u010dili\\u0161na knji\\u017enica u Splitu\",\"url\":\"https:\/\/www.svkst.unist.hr\/\",\"sameAs\":[\"https:\/\/www.facebook.com\/svkst.unist.hr\/\"],\"logo\":{\"@type\":\"ImageObject\",\"@id\":\"https:\/\/www.svkst.unist.hr\/#logo\",\"inLanguage\":\"en-GB\",\"url\":\"https:\/\/i2.wp.com\/www.svkst.unist.hr\/wp-content\/uploads\/2018\/02\/sveucilisna_iskaznica_logo_tisak-1.png?fit=600%2C219&ssl=1\",\"contentUrl\":\"https:\/\/i2.wp.com\/www.svkst.unist.hr\/wp-content\/uploads\/2018\/02\/sveucilisna_iskaznica_logo_tisak-1.png?fit=600%2C219&ssl=1\",\"width\":600,\"height\":219,\"caption\":\"Sveu\\u010dili\\u0161na knji\\u017enica u Splitu\"},\"image\":{\"@id\":\"https:\/\/www.svkst.unist.hr\/#logo\"}},{\"@type\":\"WebSite\",\"@id\":\"https:\/\/www.svkst.unist.hr\/#website\",\"url\":\"https:\/\/www.svkst.unist.hr\/\",\"name\":\"Sveu\\u010dili\\u0161na knji\\u017enica u Splitu\",\"description\":\"\",\"publisher\":{\"@id\":\"https:\/\/www.svkst.unist.hr\/#organization\"},\"potentialAction\":[{\"@type\":\"SearchAction\",\"target\":{\"@type\":\"EntryPoint\",\"urlTemplate\":\"https:\/\/www.svkst.unist.hr\/?s={search_term_string}\"},\"query-input\":\"required name=search_term_string\"}],\"inLanguage\":\"en-GB\"},{\"@type\":\"ImageObject\",\"@id\":\"https:\/\/www.svkst.unist.hr\/index.php\/o-knjiznici\/#primaryimage\",\"inLanguage\":\"en-GB\",\"url\":\"http:\/\/www.svkst.unist.hr\/wp-content\/uploads\/2018\/03\/web-1-_-kopija.jpg\",\"contentUrl\":\"http:\/\/www.svkst.unist.hr\/wp-content\/uploads\/2018\/03\/web-1-_-kopija.jpg\"},{\"@type\":\"WebPage\",\"@id\":\"https:\/\/www.svkst.unist.hr\/index.php\/o-knjiznici\/#webpage\",\"url\":\"https:\/\/www.svkst.unist.hr\/index.php\/o-knjiznici\/\",\"name\":\"O KNJI\\u017dNICI - Sveu\\u010dili\\u0161na knji\\u017enica u Splitu\",\"isPartOf\":{\"@id\":\"https:\/\/www.svkst.unist.hr\/#website\"},\"primaryImageOfPage\":{\"@id\":\"https:\/\/www.svkst.unist.hr\/index.php\/o-knjiznici\/#primaryimage\"},\"datePublished\":\"2018-01-25T11:36:49+00:00\",\"dateModified\":\"2021-04-26T11:23:49+00:00\",\"description\":\"Misija, vizija i strategija Povijest knji\\u017enice Izdava\\u0161tvo Dokumenti Kontakt\",\"breadcrumb\":{\"@id\":\"https:\/\/www.svkst.unist.hr\/index.php\/o-knjiznici\/#breadcrumb\"},\"inLanguage\":\"en-GB\",\"potentialAction\":[{\"@type\":\"ReadAction\",\"target\":[\"https:\/\/www.svkst.unist.hr\/index.php\/o-knjiznici\/\"]}]},{\"@type\":\"BreadcrumbList\",\"@id\":\"https:\/\/www.svkst.unist.hr\/index.php\/o-knjiznici\/#breadcrumb\",\"itemListElement\":[{\"@type\":\"ListItem\",\"position\":1,\"name\":\"Home\",\"item\":\"https:\/\/www.svkst.unist.hr\/\"},{\"@type\":\"ListItem\",\"position\":2,\"name\":\"O KNJI\\u017dNICI\"}]}]}<\/script>\n<!-- \/ Yoast SEO plugin. -->","yoast_head_json":{"title":"O KNJI\u017dNICI - Sveu\u010dili\u0161na knji\u017enica u Splitu","description":"Misija, vizija i strategija     Povijest knji\u017enice     Izdava\u0161tvo     Dokumenti     Kontakt","robots":{"index":"index","follow":"follow","max-snippet":"max-snippet:-1","max-image-preview":"max-image-preview:large","max-video-preview":"max-video-preview:-1"},"canonical":"https:\/\/www.svkst.unist.hr\/index.php\/o-knjiznici\/","og_locale":"en_GB","og_type":"article","og_title":"O KNJI\u017dNICI - Sveu\u010dili\u0161na knji\u017enica u Splitu","og_description":"Misija, vizija i strategija     Povijest knji\u017enice     Izdava\u0161tvo     Dokumenti     Kontakt","og_url":"https:\/\/www.svkst.unist.hr\/index.php\/o-knjiznici\/","og_site_name":"Sveu\u010dili\u0161na knji\u017enica u Splitu","article_publisher":"https:\/\/www.facebook.com\/svkst.unist.hr\/","article_modified_time":"2021-04-26T11:23:49+00:00","og_image":[{"url":"http:\/\/www.svkst.unist.hr\/wp-content\/uploads\/2018\/03\/web-1-_-kopija.jpg"}],"twitter_card":"summary_large_image","twitter_misc":{"Estimated reading time":"1 minute"},"schema":{"@context":"https:\/\/schema.org","@graph":[{"@type":"Organization","@id":"https:\/\/www.svkst.unist.hr\/#organization","name":"Sveu\u010dili\u0161na knji\u017enica u Splitu","url":"https:\/\/www.svkst.unist.hr\/","sameAs":["https:\/\/www.facebook.com\/svkst.unist.hr\/"],"logo":{"@type":"ImageObject","@id":"https:\/\/www.svkst.unist.hr\/#logo","inLanguage":"en-GB","url":"https:\/\/i2.wp.com\/www.svkst.unist.hr\/wp-content\/uploads\/2018\/02\/sveucilisna_iskaznica_logo_tisak-1.png?fit=600%2C219&ssl=1","contentUrl":"https:\/\/i2.wp.com\/www.svkst.unist.hr\/wp-content\/uploads\/2018\/02\/sveucilisna_iskaznica_logo_tisak-1.png?fit=600%2C219&ssl=1","width":600,"height":219,"caption":"Sveu\u010dili\u0161na knji\u017enica u Splitu"},"image":{"@id":"https:\/\/www.svkst.unist.hr\/#logo"}},{"@type":"WebSite","@id":"https:\/\/www.svkst.unist.hr\/#website","url":"https:\/\/www.svkst.unist.hr\/","name":"Sveu\u010dili\u0161na knji\u017enica u Splitu","description":"","publisher":{"@id":"https:\/\/www.svkst.unist.hr\/#organization"},"potentialAction":[{"@type":"SearchAction","target":{"@type":"EntryPoint","urlTemplate":"https:\/\/www.svkst.unist.hr\/?s={search_term_string}"},"query-input":"required name=search_term_string"}],"inLanguage":"en-GB"},{"@type":"ImageObject","@id":"https:\/\/www.svkst.unist.hr\/index.php\/o-knjiznici\/#primaryimage","inLanguage":"en-GB","url":"http:\/\/www.svkst.unist.hr\/wp-content\/uploads\/2018\/03\/web-1-_-kopija.jpg","contentUrl":"http:\/\/www.svkst.unist.hr\/wp-content\/uploads\/2018\/03\/web-1-_-kopija.jpg"},{"@type":"WebPage","@id":"https:\/\/www.svkst.unist.hr\/index.php\/o-knjiznici\/#webpage","url":"https:\/\/www.svkst.unist.hr\/index.php\/o-knjiznici\/","name":"O KNJI\u017dNICI - Sveu\u010dili\u0161na knji\u017enica u Splitu","isPartOf":{"@id":"https:\/\/www.svkst.unist.hr\/#website"},"primaryImageOfPage":{"@id":"https:\/\/www.svkst.unist.hr\/index.php\/o-knjiznici\/#primaryimage"},"datePublished":"2018-01-25T11:36:49+00:00","dateModified":"2021-04-26T11:23:49+00:00","description":"Misija, vizija i strategija Povijest knji\u017enice Izdava\u0161tvo Dokumenti Kontakt","breadcrumb":{"@id":"https:\/\/www.svkst.unist.hr\/index.php\/o-knjiznici\/#breadcrumb"},"inLanguage":"en-GB","potentialAction":[{"@type":"ReadAction","target":["https:\/\/www.svkst.unist.hr\/index.php\/o-knjiznici\/"]}]},{"@type":"BreadcrumbList","@id":"https:\/\/www.svkst.unist.hr\/index.php\/o-knjiznici\/#breadcrumb","itemListElement":[{"@type":"ListItem","position":1,"name":"Home","item":"https:\/\/www.svkst.unist.hr\/"},{"@type":"ListItem","position":2,"name":"O KNJI\u017dNICI"}]}]}},"jetpack_shortlink":"https:\/\/wp.me\/Pan9Re-3Y","_links":{"self":[{"href":"https:\/\/www.svkst.unist.hr\/index.php\/wp-json\/wp\/v2\/pages\/246"}],"collection":[{"href":"https:\/\/www.svkst.unist.hr\/index.php\/wp-json\/wp\/v2\/pages"}],"about":[{"href":"https:\/\/www.svkst.unist.hr\/index.php\/wp-json\/wp\/v2\/types\/page"}],"author":[{"embeddable":true,"href":"https:\/\/www.svkst.unist.hr\/index.php\/wp-json\/wp\/v2\/users\/4"}],"replies":[{"embeddable":true,"href":"https:\/\/www.svkst.unist.hr\/index.php\/wp-json\/wp\/v2\/comments?post=246"}],"version-history":[{"count":24,"href":"https:\/\/www.svkst.unist.hr\/index.php\/wp-json\/wp\/v2\/pages\/246\/revisions"}],"predecessor-version":[{"id":44787,"href":"https:\/\/www.svkst.unist.hr\/index.php\/wp-json\/wp\/v2\/pages\/246\/revisions\/44787"}],"wp:attachment":[{"href":"https:\/\/www.svkst.unist.hr\/index.php\/wp-json\/wp\/v2\/media?parent=246"}],"curies":[{"name":"wp","href":"https:\/\/api.w.org\/{rel}","templated":true}]}}