{"id":1561,"date":"2018-05-08T10:41:05","date_gmt":"2018-05-08T09:41:05","guid":{"rendered":"http:\/\/www.svkst.unist.hr\/?page_id=1561"},"modified":"2026-01-20T08:49:25","modified_gmt":"2026-01-20T07:49:25","slug":"pitajte-nas","status":"publish","type":"page","link":"https:\/\/www.svkst.unist.hr\/index.php\/pitajte-nas\/","title":{"rendered":"<h2> Pitajte nas <span class=\"glyphicon glyphicon-envelope\"><\/span><\/h2>"},"content":{"rendered":"\n<p style=\"text-align: justify;\">Imate li pitanja, obratite nam se:\n<\/p><ul>\n<li>telefon: +385 (0) 21 434 808, 434 828<\/li>\n<li>informacijski upiti:  <a href=\"mailto:info@svkst.hr\">info@svkst.hr <\/a><\/li>\n<li>CIP slu\u017eba: <a href=\"mailto:cip@svkst.hr\"> cip@svkst.hr <\/a>, +385 (0) 21 434 807<\/li>\n<li>bibliometrijske usluge: <a href=\"mailto:bibliometrija@svkst.hr\">bibliometrija@svkst.hr<\/a><\/li>\n<li><a href=\"https:\/\/www.facebook.com\/svkst.unist.hr\/\">Facebook<\/a><\/li>\n<\/ul>\n<p>Pojedina\u010dne kontakte djelatnika Sveu\u010dili\u0161ne knji\u017enice u Splitu mo\u017eete prona\u0107i <a href=\"https:\/\/www.svkst.unist.hr\/wp-content\/uploads\/2026\/01\/Imenik_20260120.pdf\">ovdje<\/a>.<\/p>\n<br>\n<br>\n<!-- -- sakrio Ivan [contact-form-7 id=\"1863\" title=\"Pitajte nas\"]\n---->\n\n\n\n<p><\/p>\n","protected":false},"excerpt":{"rendered":"<p>Imate li pitanja, obratite nam se: telefon: +385 (0) 21 434 808, 434 828 informacijski upiti: info@svkst.hr CIP slu\u017eba: cip@svkst.hr , +385 (0) 21 434 807 bibliometrijske usluge: bibliometrija@svkst.hr Facebook Pojedina\u010dne kontakte djelatnika Sveu\u010dili\u0161ne knji\u017enice u Splitu mo\u017eete prona\u0107i ovdje.<\/p>\n","protected":false},"author":5,"featured_media":0,"parent":0,"menu_order":0,"comment_status":"closed","ping_status":"closed","template":"","meta":{"spay_email":""},"acf":[],"yoast_head":"<!-- This site is optimized with the Yoast SEO plugin v17.8 - https:\/\/yoast.com\/wordpress\/plugins\/seo\/ -->\n<title>Pitajte nas  - Sveu\u010dili\u0161na knji\u017enica u Splitu<\/title>\n<meta name=\"description\" content=\"Imate li pitanja, obratite nam se: telefon: +385 (0) 21 434 808, 434 828 informacijski upiti: info@svkst.hr CIP slu\u017eba: cip@svkst.hr , +385 (0) 21 434 807\" \/>\n<meta name=\"robots\" content=\"index, follow, max-snippet:-1, max-image-preview:large, max-video-preview:-1\" \/>\n<link rel=\"canonical\" href=\"https:\/\/www.svkst.unist.hr\/index.php\/pitajte-nas\/\" \/>\n<meta property=\"og:locale\" content=\"en_GB\" \/>\n<meta property=\"og:type\" content=\"article\" \/>\n<meta property=\"og:title\" content=\"Pitajte nas  - Sveu\u010dili\u0161na knji\u017enica u Splitu\" \/>\n<meta property=\"og:description\" content=\"Imate li pitanja, obratite nam se: telefon: +385 (0) 21 434 808, 434 828 informacijski upiti: info@svkst.hr CIP slu\u017eba: cip@svkst.hr , +385 (0) 21 434 807\" \/>\n<meta property=\"og:url\" content=\"https:\/\/www.svkst.unist.hr\/index.php\/pitajte-nas\/\" \/>\n<meta property=\"og:site_name\" content=\"Sveu\u010dili\u0161na knji\u017enica u Splitu\" \/>\n<meta property=\"article:publisher\" content=\"https:\/\/www.facebook.com\/svkst.unist.hr\/\" \/>\n<meta property=\"article:modified_time\" content=\"2026-01-20T07:49:25+00:00\" \/>\n<meta name=\"twitter:card\" content=\"summary_large_image\" \/>\n<meta name=\"twitter:label1\" content=\"Estimated reading time\" \/>\n\t<meta name=\"twitter:data1\" content=\"1 minute\" \/>\n<script type=\"application\/ld+json\" class=\"yoast-schema-graph\">{\"@context\":\"https:\/\/schema.org\",\"@graph\":[{\"@type\":\"Organization\",\"@id\":\"https:\/\/www.svkst.unist.hr\/#organization\",\"name\":\"Sveu\\u010dili\\u0161na knji\\u017enica u Splitu\",\"url\":\"https:\/\/www.svkst.unist.hr\/\",\"sameAs\":[\"https:\/\/www.facebook.com\/svkst.unist.hr\/\"],\"logo\":{\"@type\":\"ImageObject\",\"@id\":\"https:\/\/www.svkst.unist.hr\/#logo\",\"inLanguage\":\"en-GB\",\"url\":\"https:\/\/i2.wp.com\/www.svkst.unist.hr\/wp-content\/uploads\/2018\/02\/sveucilisna_iskaznica_logo_tisak-1.png?fit=600%2C219&ssl=1\",\"contentUrl\":\"https:\/\/i2.wp.com\/www.svkst.unist.hr\/wp-content\/uploads\/2018\/02\/sveucilisna_iskaznica_logo_tisak-1.png?fit=600%2C219&ssl=1\",\"width\":600,\"height\":219,\"caption\":\"Sveu\\u010dili\\u0161na knji\\u017enica u Splitu\"},\"image\":{\"@id\":\"https:\/\/www.svkst.unist.hr\/#logo\"}},{\"@type\":\"WebSite\",\"@id\":\"https:\/\/www.svkst.unist.hr\/#website\",\"url\":\"https:\/\/www.svkst.unist.hr\/\",\"name\":\"Sveu\\u010dili\\u0161na knji\\u017enica u Splitu\",\"description\":\"\",\"publisher\":{\"@id\":\"https:\/\/www.svkst.unist.hr\/#organization\"},\"potentialAction\":[{\"@type\":\"SearchAction\",\"target\":{\"@type\":\"EntryPoint\",\"urlTemplate\":\"https:\/\/www.svkst.unist.hr\/?s={search_term_string}\"},\"query-input\":\"required name=search_term_string\"}],\"inLanguage\":\"en-GB\"},{\"@type\":\"WebPage\",\"@id\":\"https:\/\/www.svkst.unist.hr\/index.php\/pitajte-nas\/#webpage\",\"url\":\"https:\/\/www.svkst.unist.hr\/index.php\/pitajte-nas\/\",\"name\":\"Pitajte nas - Sveu\\u010dili\\u0161na knji\\u017enica u Splitu\",\"isPartOf\":{\"@id\":\"https:\/\/www.svkst.unist.hr\/#website\"},\"datePublished\":\"2018-05-08T09:41:05+00:00\",\"dateModified\":\"2026-01-20T07:49:25+00:00\",\"description\":\"Imate li pitanja, obratite nam se: telefon: +385 (0) 21 434 808, 434 828 informacijski upiti: info@svkst.hr CIP slu\\u017eba: cip@svkst.hr , +385 (0) 21 434 807\",\"breadcrumb\":{\"@id\":\"https:\/\/www.svkst.unist.hr\/index.php\/pitajte-nas\/#breadcrumb\"},\"inLanguage\":\"en-GB\",\"potentialAction\":[{\"@type\":\"ReadAction\",\"target\":[\"https:\/\/www.svkst.unist.hr\/index.php\/pitajte-nas\/\"]}]},{\"@type\":\"BreadcrumbList\",\"@id\":\"https:\/\/www.svkst.unist.hr\/index.php\/pitajte-nas\/#breadcrumb\",\"itemListElement\":[{\"@type\":\"ListItem\",\"position\":1,\"name\":\"Home\",\"item\":\"https:\/\/www.svkst.unist.hr\/\"},{\"@type\":\"ListItem\",\"position\":2,\"name\":\"Pitajte nas\"}]}]}<\/script>\n<!-- \/ Yoast SEO plugin. -->","yoast_head_json":{"title":"Pitajte nas  - Sveu\u010dili\u0161na knji\u017enica u Splitu","description":"Imate li pitanja, obratite nam se: telefon: +385 (0) 21 434 808, 434 828 informacijski upiti: info@svkst.hr CIP slu\u017eba: cip@svkst.hr , +385 (0) 21 434 807","robots":{"index":"index","follow":"follow","max-snippet":"max-snippet:-1","max-image-preview":"max-image-preview:large","max-video-preview":"max-video-preview:-1"},"canonical":"https:\/\/www.svkst.unist.hr\/index.php\/pitajte-nas\/","og_locale":"en_GB","og_type":"article","og_title":"Pitajte nas  - Sveu\u010dili\u0161na knji\u017enica u Splitu","og_description":"Imate li pitanja, obratite nam se: telefon: +385 (0) 21 434 808, 434 828 informacijski upiti: info@svkst.hr CIP slu\u017eba: cip@svkst.hr , +385 (0) 21 434 807","og_url":"https:\/\/www.svkst.unist.hr\/index.php\/pitajte-nas\/","og_site_name":"Sveu\u010dili\u0161na knji\u017enica u Splitu","article_publisher":"https:\/\/www.facebook.com\/svkst.unist.hr\/","article_modified_time":"2026-01-20T07:49:25+00:00","twitter_card":"summary_large_image","twitter_misc":{"Estimated reading time":"1 minute"},"schema":{"@context":"https:\/\/schema.org","@graph":[{"@type":"Organization","@id":"https:\/\/www.svkst.unist.hr\/#organization","name":"Sveu\u010dili\u0161na knji\u017enica u Splitu","url":"https:\/\/www.svkst.unist.hr\/","sameAs":["https:\/\/www.facebook.com\/svkst.unist.hr\/"],"logo":{"@type":"ImageObject","@id":"https:\/\/www.svkst.unist.hr\/#logo","inLanguage":"en-GB","url":"https:\/\/i2.wp.com\/www.svkst.unist.hr\/wp-content\/uploads\/2018\/02\/sveucilisna_iskaznica_logo_tisak-1.png?fit=600%2C219&ssl=1","contentUrl":"https:\/\/i2.wp.com\/www.svkst.unist.hr\/wp-content\/uploads\/2018\/02\/sveucilisna_iskaznica_logo_tisak-1.png?fit=600%2C219&ssl=1","width":600,"height":219,"caption":"Sveu\u010dili\u0161na knji\u017enica u Splitu"},"image":{"@id":"https:\/\/www.svkst.unist.hr\/#logo"}},{"@type":"WebSite","@id":"https:\/\/www.svkst.unist.hr\/#website","url":"https:\/\/www.svkst.unist.hr\/","name":"Sveu\u010dili\u0161na knji\u017enica u Splitu","description":"","publisher":{"@id":"https:\/\/www.svkst.unist.hr\/#organization"},"potentialAction":[{"@type":"SearchAction","target":{"@type":"EntryPoint","urlTemplate":"https:\/\/www.svkst.unist.hr\/?s={search_term_string}"},"query-input":"required name=search_term_string"}],"inLanguage":"en-GB"},{"@type":"WebPage","@id":"https:\/\/www.svkst.unist.hr\/index.php\/pitajte-nas\/#webpage","url":"https:\/\/www.svkst.unist.hr\/index.php\/pitajte-nas\/","name":"Pitajte nas - Sveu\u010dili\u0161na knji\u017enica u Splitu","isPartOf":{"@id":"https:\/\/www.svkst.unist.hr\/#website"},"datePublished":"2018-05-08T09:41:05+00:00","dateModified":"2026-01-20T07:49:25+00:00","description":"Imate li pitanja, obratite nam se: telefon: +385 (0) 21 434 808, 434 828 informacijski upiti: info@svkst.hr CIP slu\u017eba: cip@svkst.hr , +385 (0) 21 434 807","breadcrumb":{"@id":"https:\/\/www.svkst.unist.hr\/index.php\/pitajte-nas\/#breadcrumb"},"inLanguage":"en-GB","potentialAction":[{"@type":"ReadAction","target":["https:\/\/www.svkst.unist.hr\/index.php\/pitajte-nas\/"]}]},{"@type":"BreadcrumbList","@id":"https:\/\/www.svkst.unist.hr\/index.php\/pitajte-nas\/#breadcrumb","itemListElement":[{"@type":"ListItem","position":1,"name":"Home","item":"https:\/\/www.svkst.unist.hr\/"},{"@type":"ListItem","position":2,"name":"Pitajte nas"}]}]}},"jetpack_shortlink":"https:\/\/wp.me\/Pan9Re-pb","_links":{"self":[{"href":"https:\/\/www.svkst.unist.hr\/index.php\/wp-json\/wp\/v2\/pages\/1561"}],"collection":[{"href":"https:\/\/www.svkst.unist.hr\/index.php\/wp-json\/wp\/v2\/pages"}],"about":[{"href":"https:\/\/www.svkst.unist.hr\/index.php\/wp-json\/wp\/v2\/types\/page"}],"author":[{"embeddable":true,"href":"https:\/\/www.svkst.unist.hr\/index.php\/wp-json\/wp\/v2\/users\/5"}],"replies":[{"embeddable":true,"href":"https:\/\/www.svkst.unist.hr\/index.php\/wp-json\/wp\/v2\/comments?post=1561"}],"version-history":[{"count":30,"href":"https:\/\/www.svkst.unist.hr\/index.php\/wp-json\/wp\/v2\/pages\/1561\/revisions"}],"predecessor-version":[{"id":45454,"href":"https:\/\/www.svkst.unist.hr\/index.php\/wp-json\/wp\/v2\/pages\/1561\/revisions\/45454"}],"wp:attachment":[{"href":"https:\/\/www.svkst.unist.hr\/index.php\/wp-json\/wp\/v2\/media?parent=1561"}],"curies":[{"name":"wp","href":"https:\/\/api.w.org\/{rel}","templated":true}]}}